 -5*r - 2*a. Give t(r).
-13
Let v(k) = 95*k + 0*k**2 + 6 - k**2 - 42*k - 46*k. Give v(6).
12
Let v be (-7 + 17)*6/4. Let s(m) = m**3 - 14*m**2 - 16*m + 15. Let d be s(v). Let k(a) = a**3 + a**2 - a - 8. What is k(d)?
-8
Suppose 2*d - 11 = -5. Let j(w) = -2*w**2 - w - 1. Give j(d).
-22
Let g(n) = 4*n + 6. Let l(y) = -3*y + 1. Let m(q) = 13*q - 5. Let x(b) = -9*l(b) - 2*m(b). Let r(t) = g(t) - 2*x(t). Determine r(-6).
-8
Let l(y) be the second derivative of y**7/2520 + 7*y**6/720 - 7*y**5/120 + 5*y**4/6 + 29*y. Let b(d) be the third derivative of l(d). Determine b(-8).
1
Let p(i) = -1 - 3*i - 1 + 5*i. Let h be p(2). Let d(c) = 2*c**3 - 4*c**2 + 2*c + 2. Calculate d(h).
6
Let j(q) = q**3 - 12*q**2 + 3*q - 29. Let a be j(12). Let c(x) = -x + 8. What is c(a)?
1
Let f(c) = c + 2. Let p be ((-20)/8)/((-2)/(-16)). Let i be (2 - p/(-8))*-6. Suppose -o = 2*q - 2, -8 + i = q + 2*o. Give f(q).
5
Suppose -2*r + 5 = -5, 4*l - 25 = 3*r. Let k(o) = 1 + 19*o - 11*o - l*o. Determine k(2).
-3
Suppose 4*d + 5*u = 2*d + 18, -u = 0. Let j(f) be the second derivative of -2/3*f**3 + 0 + 3*f**2 - d*f. What is j(4)?
-10
Let o(i) = 7*i**2 - 25*i - 3. Let r be o(4). Let a(q) = -q + 2. Determine a(r).
-7
Let t(m) = -m - 7. Suppose 0 = 4*b - 18 + 78. Let y = -15 - b. Suppose 0 = -y*h - 5*h. Determine t(h).
-7
Let f(w) be the first derivative of -w**2/2 - 1. Suppose 22 = 106*a - 104*a. Let b be 0 + 0 + -14 + a. Determine f(b).
3
Let c(f) = -7*f**2 - 5*f - 1. Let b(q) = 15*q**2 + 12*q + 2. Let j(n) = -2*b(n) - 5*c(n). Suppose 4*t - y - 4 = 3*t, -2*t + 13 = -3*y. Determine j(t).
5
Let u(d) be the second derivative of 1/2*d**2 - 1/3*d**4 + 1/3*d**3 + 0 + 9*d. Give u(-1).
-5
Suppose -2*f = 3*f + l - 24, -20 = -5*f - 5*l. Let y(n) = 2*n - n - f + 2 - 2. Suppose 4 = -5*q + 4*u, 2*q + 6*u - 3*u + 20 = 0. Determine y(q).
-9
Let p(v) = -v**2 + 10*v + 5. Let o(x) = x. Let n(k) = -6*o(k) + p(k). Suppose 8 = 4*q, -2*b + 4*q + 2 = 6. Suppose -3*h + 30 = b*h. Determine n(h).
-7
Let i(s) = 2*s**3 - 8 - 1 + 6 + 6*s**2 - 3*s**3. Let d be (4 - (-57)/(-12))*-4. What is i(d)?
24
Let x(h) = 4*h - 7. Let y(d) = 9*d - 15. Let q(b) = 7*x(b) - 3*y(b). Let v(s) = -s + 5. Let m = -1 + -2. Let k(n) = m*v(n) - 2*q(n). What is k(5)?
-2
Let h(m) = m**2 + m + 4. Suppose 2*y - 3 = -y, 0 = 4*b + 2*y - 30. Suppose 0 = -3*v - 19 + b. Let f be (v - -4)*(0 - 1). Calculate h(f).
4
Suppose -3*s - p = p, 4*s + 2*p - 2 = 0. Let w(y) = y + 2. Let l(t) = -2*t - 2. Let h(o) = s*w(o) + 3*l(o). Suppose -14 = 5*m - z, -2*m - 6 = -m - z. Give h(m).
6
Let s(g) = -g**2 - g + 3. Suppose 4*r - 5*r - 4*t = -11, 0 = -4*t. Let x(i) = 5*i**2 + 6*i - 15. Let u(l) = r*s(l) + 2*x(l). What is u(0)?
3
Suppose -3*z - 5 - 7 = 0. Let w be (z + 3)*(-6)/2. Let n(y) = 2*y**2 + 2 - 37*y - w*y**2 + 35*y. Determine n(-3).
-1
Let j = -7 - -9. Suppose -t - 2*h + 9 = 0, j*h - 6*h = -t - 9. Let w(a) be the third derivative of a**6/120 - a**5/30 - a**4/12 - a**3/3 - a**2. Calculate w(t).
1
Let g(y) = y + 7. Let p(o) = -o - 15. Let d be 133/49 + 4/14. Suppose 5*c + 64 = -d*c. Let l be p(c). What is g(l)?
0
Let b(x) = 1 - 5*x + 10 - x**3 - 3163*x**2 + 3164*x**2 + 4*x. Determine b(0).
11
Let r(t) = -t**3 + 4*t**2 + 1. Let x(c) = 2*c**3 - 8*c**2 - c - 1. Suppose z + 3*z = 2*y - 6, -2*z = 4*y + 8. Let l(w) = z*x(w) - 5*r(w). Calculate l(3).
-6
Let d(n) = 58*n + 3 - 11*n + 7 - 46*n. Calculate d(5).
15
Let j(b) = b - 7. Let k(m) = m - 6. Let n(i) = -4*j(i) + 5*k(i). Suppose 0 = 43*a - 65*a + 88. Give n(a).
2
Suppose 0*m = -2*m + 4, 2*a - 3*m = 6. Let o = 0 - -2. Let s(q) = 5*q + 1 - q**2 + q + o. What is s(a)?
3
Let l(i) = i**3 - 5*i**2 + 5*i - 5. Let b(f) = 11*f - 38. Let v be b(11). Suppose -5*y + v = 63. What is l(y)?
-1
Let y(g) = g**2 - 6*g + 1. Suppose 3*u - 135 + 27 = 0. Let s be -3*(8/u - 92/36). Determine y(s).
8
Let w(b) = b**3 - 16*b**2 - 17*b. Let c(i) = -i**3 + 22*i**2 + 24*i - 6. Let t be c(23). Calculate w(t).
0
Let r(l) = l**2 + 5*l + 7. Let k(c) be the second derivative of c**3/3 + 15*c**2/2 + 9*c. Let q be k(-10). Calculate r(q).
7
Let i(r) = 8*r**2 + 49 + r**3 + 48 - 90. Determine i(-8).
7
Suppose 3*p + 3*y = y + 19, y + 4 = 0. Let n(v) = 2*v + 1 - p*v + 6*v. Calculate n(5).
-4
Let i = 7 - 9. Let a(u) be the first derivative of -u**4/4 - 2*u**3/3 + u**2 + 2*u + 479. Calculate a(i).
-2
Let c(m) = -m + 2. Let p(t) = 5*t - 19. Let r be p(4). Suppose -5*q + 21 = r. What is c(q)?
-2
Let u(q) = 99*q - 7*q**2 + 9*q**2 - 109*q - q**2. What is u(6)?
-24
Let n(g) = 279 - 137 - 148 - g**3 + 2*g - 16*g + 15*g**2. Give n(14).
-6
Suppose -142*j - 24 = -138*j. Let a(b) = -15*b - 11. What is a(j)?
79
Let o = 2 - -3. Suppose o*z + 6 = 31. Suppose 3 = -i + z. Let m(n) = n**3 - 4*n**2 + 4*n - 2. What is m(i)?
-2
Suppose 0 = p + 12 - 14. Suppose 0 = -3*v + w + 4, -3 = 3*v - 2*w - p. Let a(f) = 0 + 3 - 2*f - v + 7. What is a(5)?
-3
Let f(o) be the second derivative of o**4/12 - o**3 + o**2 - 6*o. Calculate f(4).
-6
Let u(z) = -2*z - 10. Let b = -29 + 67. Suppose -b = 5*l - 3*m, 0 = -4*l - 0*m - 3*m - 25. What is u(l)?
4
Let h(v) = -6*v + 2 - 12 - 3 + 11. Determine h(1).
-8
Let l(t) be the third derivative of t**5/30 - 3*t**4/8 + 7*t**3/3 + 88*t**2 + 2*t. What is l(3)?
5
Let p = -3 + 8. Suppose 4 = 2*v + p*j - 2*j, 0 = -j - 4. Let b(t) = -t + 4. Give b(v).
-4
Let i(h) be the second derivative of -h**5/20 + 5*h**4/12 - h**3/6 - h**2/2 + 4*h + 15. Let m be (2 - 4)/(2/(-5)). Calculate i(m).
-6
Let r be ((-9)/(-36))/((-2)/(-40)). Let g(p) = p**3 - 6*p**2 + 5*p - 7. Give g(r).
-7
Let y(p) = 2*p + 5. Let l(d) = d. Let j(w) = 3*l(w) + y(w). Let n be j(-2). Let a(f) = 1 - f + 2*f + 2*f - 2*f. Calculate a(n).
-4
Let q(c) = -3*c**2 - c + 15. Let d(n) = 2*n**2 + n - 10. Let i(l) = 7*d(l) + 5*q(l). Let r be 48/(-8)*(2 + (-24)/9). Calculate i(r).
-3
Let u(y) be the third derivative of -y**7/840 + y**6/720 - y**5/15 - 38*y**2. Let w(i) be the third derivative of u(i). Give w(-2).
13
Let l be (6/5)/(-3) + 136/40. Let i(g) be the first derivative of -g - 1/2*g**2 + l. Give i(5).
-6
Let z(i) = 215 - 438 + 0*i + 213 + i. Suppose -2*v + 3*v - 7 = 0. Give z(v).
-3
Let c(a) = -a + 1. Let x(g) = -8*g - 2. Let j(y) = -3*c(y) - x(y). Let v = -6 + -9. Let f = -14 - v. Determine j(f).
10
Suppose 5*u - 1 = -21. Let i be (u - 95/(-20))*12. Let s(k) = k**3 - 10*k**2 + 7*k - 1. Calculate s(i).
-19
Let q(d) = -39*d**3 + 96*d**2 + 3*d - 57. Let c(y) = 16*y**3 - 39*y**2 - y + 23. Let z(p) = -12*c(p) - 5*q(p). Determine z(4).
-3
Let y(w) = 4*w. Let n(o) = 11*o - 1. Let q(x) = -3*n(x) + 7*y(x). What is q(-8)?
43
Let a(h) = h**3 - 5*h**2 + 7*h - 2. Let g be (4/12)/(-7*3/(-315)). Calculate a(g).
33
Let q(h) = 3*h**3 + 13*h**2 - 14*h + 3. Let m(u) = -7*u**3 - 27*u**2 + 29*u - 3. Let l(f) = 2*m(f) + 5*q(f). Calculate l(-12).
9
Let o(x) = -x**3 - 2*x**2 + 2. Let a be o(-3). Suppose -10 = a*h - 6*h. Let f(v) = 1. Let k(r) = -2*r + 2. Let q(b) = -6*f(b) + 2*k(b). Calculate q(h).
6
Suppose 2*y - 6*y = 0. Suppose 4*q + 44 = -2*l + 428, q + 777 = 4*l. Let v(x) = -7 - 100*x + l*x - x**3 - 95*x. Give v(y).
-7
Let q(y) = 8*y + 7. Let c(l) = l**2 + l + 2. Let u(b) = -2*c(b) + q(b). Determine u(4).
-5
Suppose -3*p + 1 = -2*h, p + 3*h = h + 3. Let z be -1 - (-12)/4*p. Let b(m) = 0*m + 0*m + 3*m - z*m + 3. Give b(-4).
-1
Let v(c) = c + 5. Let y(f) be the second derivative of -f**5/20 - f**4/6 + f**3/2 + f**2/2 + 4*f. Let h be y(-2). Determine v(h).
0
Let w(t) = t**2 + 3*t + 1. Let f = 90 - 91. Let k(o) = 5*o**2 + 15*o + 5. Let x(g) = f*k(g) + 6*w(g). Let p be (-3)/(2 - 3 - -2). Calculate x(p).
1
Let v = 233 + -239. Let o(s) = s**2 + 9*s + 18. What is o(v)?
0
Let z(g) = g + 1. Let y(o) = -o**3 + 2*o**2 - 2*o + 14. Let c be y(0). Suppose 57 = 5*u + c*u. What is z(u)?
4
Let d be 3 - (-9)/(-54)*6*2. Let g(c) = -13*c + 1. What is g(d)?
-12
Let o(g) = -54*g - 45. Let c(k) = -k - 1. Let w(v) = -45*c(v) + o(v). Let a(d) = d**3 - 5*d**2 - 14*d + 1. Let z be a(7). Give w(z).
-9
Let v(u) be the first derivative of -u**2 + 24*u - 97. Give v(8).
8
Let j(w) = -w**2 - 6*w - 6. Suppose -5*t + 4*t + 4 = 0. Suppose -f - h - 1 = 2, t*h + 4 = 0. Let z be (1*-1)/(f/(-12)). Give j(z).
-6
Let x be (-8)/(-3)*243/(-108) + 3. Let u(g) = 3*g + 6. Calculate u(x).
-3
Let l(d) = -51*d + 58. Let y(b) = 16*b - 19. Let u(a) = 6*l(a) + 1